 by 1103.
1064
Calculate the remainder when 2894276 is divided by 34.
26
What is the remainder when 9379588 is divided by 65136?
4
What is the remainder when 69474 is divided by 363?
141
What is the remainder when 113804690 is divided by 435?
425
What is the remainder when 144442323 is divided by 152849?
18
What is the remainder when 2358955 is divided by 1237?
1233
Calculate the remainder when 2383746 is divided by 449.
5
What is the remainder when 15463485 is divided by 12?
9
What is the remainder when 209221364 is divided by 6749076?
8
Calculate the remainder when 507597 is divided by 47.
44
Calculate the remainder when 3359776444 is divided by 4377.
4375
What is the remainder when 647255 is divided by 15004?
2083
Calculate the remainder when 4205740 is divided by 642.
640
What is the remainder when 21316725 is divided by 474?
471
Calculate the remainder when 381300 is divided by 23805.
420
Calculate the remainder when 245566 is divided by 640.
446
Calculate the remainder when 18642307 is divided by 122.
97
Calculate the remainder when 231433 is divided by 272.
233
Calculate the remainder when 26392062 is divided by 13196025.
12
What is the remainder when 846026 is divided by 158?
94
Calculate the remainder when 701817 is divided by 4587.
6
Calculate the remainder when 2784544 is divided by 22.
4
What is the remainder when 4506317 is divided by 79?
78
Calculate the remainder when 1949607 is divided by 30.
27
What is the remainder when 81331787 is divided by 31?
1
Calculate the remainder when 12694292 is divided by 183975.
17
Calculate the remainder when 8027854 is divided by 380.
354
Calculate the remainder when 515363 is divided by 81.
41
What is the remainder when 2275814 is divided by 120?
14
Calculate the remainder when 296724 is divided by 3674.
2804
Calculate the remainder when 739049 is divided by 11197.
47
What is the remainder when 5330075 is divided by 128?
27
Calculate the remainder when 53401 is divided by 26697.
7
Calculate the remainder when 2647823 is divided by 335.
318
What is the remainder when 4431499 is divided by 4730?
4219
What is the remainder when 9658746 is divided by 6584?
18
Calculate the remainder when 6197343 is divided by 516444.
15
Calculate the remainder when 4141175 is divided by 338.
337
What is the remainder when 2363688 is divided by 13059?
9
Calculate the remainder when 3610889 is divided by 640.
9
What is the remainder when 1012012 is divided by 1363?
666
What is the remainder when 386989 is divided by 7597?
7139
Calculate the remainder when 16294098 is divided by 335.
33
Calculate the remainder when 5925744 is divided by 658411.
45
Calculate the remainder when 302535 is divided by 204.
3
What is the remainder when 50328 is divided by 10051?
73
Calculate the remainder when 3083107 is divided by 141.
1
What is the remainder when 20561493 is divided by 36?
21
What is the remainder when 59928 is divided by 1310?
978
Calculate the remainder when 222429592 is divided by 35228.
0
What is the remainder when 20308638 is divided by 6769544?
6
What is the remainder when 830556 is divided by 415269?
18
What is the remainder when 7951251 is divided by 118?
57
What is the remainder when 858871 is divided by 40897?
34
Calculate the remainder when 184864 is divided by 12.
4
Calculate the remainder when 3324500 is divided by 47.
2
What is the remainder when 14101 is divided by 4647?
160
What is the remainder when 2196364 is divided by 64?
12
Calculate the remainder when 251777 is divided by 125729.
319
What is the remainder when 108885 is divided by 517?
315
Calculate the remainder when 27718 is divided by 147.
82
Calculate the remainder when 3135413 is divided by 36458.
25
Calculate the remainder when 3736745 is divided by 4557.
5
What is the remainder when 314568 is divided by 4306?
230
What is the remainder when 392485 is divided by 5348?
2081
What is the remainder when 264159 is divided by 259912?
4247
What is the remainder when 40597993 is divided by 157?
148
Calculate the remainder when 5853948 is divided by 12562.
56
What is the remainder when 8425736 is divided by 74564?
4
Calculate the remainder when 11854027 is divided by 79.
77
What is the remainder when 3467638 is divided by 660?
658
What is the remainder when 3276917 is divided by 49?
42
What is the remainder when 4278302 is divided by 427829?
12
What is the remainder when 235015 is divided by 2499?
109
Calculate the remainder when 2117079 is divided by 264.
63
What is the remainder when 18416294 is divided by 102?
92
Calculate the remainder when 6464657 is divided by 366.
365
Calculate the remainder when 1312607 is divided by 1002.
989
What is the remainder when 361698 is divided by 5661?
5055
Calculate the remainder when 800231 is divided by 1725.
1556
What is the remainder when 1253630 is divided by 417456?
1262
Calculate the remainder when 19103 is divided by 812.
427
What is the remainder when 40305149 is divided by 238492?
1
What is the remainder when 68403499 is divided by 3?
1
What is the remainder when 14235 is divided by 4514?
693
What is the remainder when 4920274 is divided by 34?
32
What is the remainder when 83270 is divided by 27632?
374
What is the remainder when 24500152 is divided by 30?
22
What is the remainder when 3287515 is divided by 6250?
15
Calculate the remainder when 10203763 is divided by 165.
163
Calculate the remainder when 44421763 is divided by 13.
9
Calculate the remainder when 6752727 is divided by 2017.
1828
Calculate the remainder when 3658766 is divided by 19.
12
Calculate the remainder when 24826253 is divided by 6206559.
17
What is the remainder when 123658 is divided by 30834?
322
Calculate the remainder when 10696132 is divided by 2593.
7
What is the remainder when 925301 is divided by 2416?
2389
Calculate the remainder when 1150043 is divided by 221.
180
What is the remainder when 4081192 is divided by 240?
232
What is the remainder when 1186462 is divided by 3224?
30
What is the remainder when 283529 is divided by 47178?
461
What is the remainder when 246411 is divided by 102?
81
What is the remainder when 78395 is divided by 25484?
1943
Calculate the remainder when 24790576 is divided by 11.
8
Calculate the remainder when 14106259 is divided by 173.
12
Calculate the remainder when 2407854 is divided by 503.
496
Calculate the remainder when 1407868 is divided by 703891.
86
What is the remainder when 366906654 is divided by 5?
4
What is the remainder when 2470263 is divided by 2697?
2508
What is the remainder when 31813 is divided by 10175?
1288
Calculate the remainder when 8563038 is divided by 1744.
1742
What is the remainder when 342540 is divided by 341962?
578
What is the remainder when 379040 is divided by 3790?
40
Calculate the remainder when 3169863 is divided by 1063.
1060
Calculate the remainder when 11731926 is divided by 117319.
26
Calculate the remainder when 1645472 is divided by 822724.
24
Calculate the remainder when 1922266 is divided by 14453.
17
Calculate the remainder when 8486968 is divided by 15.
13
What is the remainder when 45462 is divided by 14967?
561
What is the remainder when 8398381 is divided by 4028?
1
Calculate the remainder when 51723 is divided by 50463.
1260
Calculate the remainder when 36207 is divided by 36131.
76
What is the remainder when 201364421 is divided by 575?
571
What is the remainder when 23046610 is divided by 12?
10
What is the remainder when 676574 is divided by 3222?
3176
Calculate the remainder when 435793 is divided by 16761.
7
Calculate the remainder when 15667 is divided by 14651.
1016
What is the remainder when 423359 is divided by 189?
188
What is the remainder when 69862 is divided by 7537?
2029
Calculate the remainder when 67776 is divided by 3577.
3390
Calculate the remainder when 54987148 is divided by 7855305.
13
Calculate the remainder when 400191942 is divided by 1297.
1295
What is the remainder when 408886 is divided by 405883?
3003
Calculate the remainder when 3431 is divided by 2832.
599
Calculate the remainder when 733958 is divided by 200.
158
What is the remainder when 74524 is divided by 3916?
120
Calculate the remainder when 470179 is divided by 31310.
529
Calculate the remainder when 8630578 is divided by 478.
288
Calculate the remainde